{"id":419,"date":"2025-12-06T18:51:02","date_gmt":"2025-12-06T18:51:02","guid":{"rendered":"https:\/\/www.forcoffeetr.com\/magaza\/?page_id=419"},"modified":"2025-12-30T14:35:16","modified_gmt":"2025-12-30T14:35:16","slug":"uyelik-sozlesmesi","status":"publish","type":"page","link":"https:\/\/www.forcoffeetr.com\/magaza\/uyelik-sozlesmesi\/","title":{"rendered":"Kullan\u0131c\u0131 (\u00dcyelik) S\u00f6zle\u015fmesi: What You Need to Know Before Creating an Account"},"content":{"rendered":"\n<p>\nBu Kullan\u0131c\u0131 (\u00dcyelik) S\u00f6zle\u015fmesi, For Coffee web sitesine \u00fcye olan kullan\u0131c\u0131lar\u0131n \u00fcyelik ko\u015fullar\u0131n\u0131, hak ve y\u00fck\u00fcml\u00fcl\u00fcklerini, site kullan\u0131m esaslar\u0131n\u0131, gizlilik ve ki\u015fisel veri koruma s\u00fcre\u00e7lerini ayr\u0131nt\u0131l\u0131 \u015fekilde a\u00e7\u0131klamak amac\u0131yla haz\u0131rlanm\u0131\u015ft\u0131r. Siteye \u00fcye olmadan \u00f6nce bu s\u00f6zle\u015fmenin dikkatlice okunmas\u0131 \u00f6nerilir.\n<\/p>\n\n\n\n<p>\nThis User (Membership) Agreement explains the membership terms, user rights and obligations, website usage rules, privacy practices and data protection principles for users of the For Coffee website. Users are advised to review this agreement carefully before creating an account.\n<\/p>\n\n\n<h2 class=\"wp-block-heading\"><strong>KULLANICI (\u00dcYEL\u0130K) S\u00d6ZLE\u015eMES\u0130<\/strong><\/h2>\n\n\n\n<p><strong>1. TARAFLAR<\/strong><\/p>\n\n\n\n<p>\u0130\u015fbu Kullan\u0131c\u0131 (\u00dcyelik) S\u00f6zle\u015fmesi (&#8220;S\u00f6zle\u015fme&#8221;), i\u015fyeri adresi Z\u00fch\u00fcpa\u015fa Mah. \u015eefikbey Sk. No:3, Kad\u0131k\u00f6y \/ \u0130STANBUL&#8217;da bulunan ve &#8220;FOR COFFEE&#8221; ticari unvan\u0131yla faaliyet g\u00f6steren vergi m\u00fckellefi&nbsp;<strong>Se\u00e7kin YAL\u00c7IN<\/strong>&nbsp;(&#8220;\u0130\u015fletme&#8221;) ile \u0130\u015fletme&#8217;ye ait &#8220;<a href=\"https:\/\/forcoffeetr.com\/\" target=\"_blank\" rel=\"noreferrer noopener\">forcoffeetr.com<\/a>&#8221;&nbsp;alan adl\u0131 internet sitesine (&#8220;Site&#8221;) a\u015fa\u011f\u0131daki \u015fartlar dahilinde \u00fcye olan kullan\u0131c\u0131 (&#8220;\u00dcye&#8221;) aras\u0131nda elektronik ortamda akdedilmi\u015ftir. \u0130\u015fletme ve \u00dcye bundan sonra birlikte &#8220;Taraflar&#8221; olarak an\u0131lacakt\u0131r.<\/p>\n\n\n\n<p><strong>2. S\u00d6ZLE\u015eMEN\u0130N KONUSU<\/strong><\/p>\n\n\n\n<p>\u0130\u015fbu S\u00f6zle\u015fme&#8217;nin konusu, \u00dcye&#8217;nin Site&#8217;de sunulan hizmetlerden (\u00fcr\u00fcn inceleme, sipari\u015f ge\u00e7mi\u015fine eri\u015fim, favori listesi olu\u015fturma vb.) yararlanma \u015fartlar\u0131n\u0131n ve Taraflar&#8217;\u0131n kar\u015f\u0131l\u0131kl\u0131 hak ve y\u00fck\u00fcml\u00fcl\u00fcklerinin belirlenmesidir. \u00dcye, Site&#8217;ye \u00fcye olmakla i\u015fbu S\u00f6zle\u015fme&#8217;nin tamam\u0131n\u0131 okudu\u011funu, anlad\u0131\u011f\u0131n\u0131 ve t\u00fcm h\u00fck\u00fcmlerini onaylad\u0131\u011f\u0131n\u0131 kabul, beyan ve taahh\u00fct eder.<\/p>\n\n\n\n<p><strong>3. \u00dcYEL\u0130K \u015eARTLARI<\/strong><\/p>\n\n\n\n<p>3.1. Site&#8217;ye \u00fcye olabilmek i\u00e7in 18 ya\u015f\u0131n\u0131 doldurmu\u015f olmak ve medeni haklar\u0131 kullanma ehliyetine sahip olmak gereklidir. 18 ya\u015f\u0131ndan k\u00fc\u00e7\u00fcklerin siteyi yaln\u0131zca veli veya vasilerinin g\u00f6zetimi ve onay\u0131 ile kullanabilece\u011fini kabul ederler.<br>3.2. \u00dcyelik, Site&#8217;de belirtilen \u00fcyelik formunun eksiksiz doldurulmas\u0131, i\u015fbu S\u00f6zle\u015fme&#8217;nin ve Gizlilik Politikas\u0131&#8217;n\u0131n okunup elektronik ortamda onaylanmas\u0131 ile ba\u015flar.<\/p>\n\n\n\n<p><strong>4. TARAFLARIN HAK VE Y\u00dcK\u00dcML\u00dcL\u00dcKLER\u0130<\/strong><\/p>\n\n\n\n<p><strong>4.1. \u00dcyenin Hak ve Y\u00fck\u00fcml\u00fcl\u00fckleri:<\/strong><br>a) \u00dcye, \u00fcyelik s\u0131ras\u0131nda ve Site&#8217;yi kulland\u0131\u011f\u0131 s\u00fcrece verdi\u011fi t\u00fcm bilgilerin (ad\u0131, adresi, e-posta, telefon) do\u011fru, eksiksiz ve g\u00fcncel oldu\u011funu kabul eder. Bilgilerde de\u011fi\u015fiklik olmas\u0131 halinde \u00fcyelik panelinden g\u00fcncellemekle y\u00fck\u00fcml\u00fcd\u00fcr. Yanl\u0131\u015f veya eksik bilgi nedeniyle do\u011fabilecek zararlardan \u00dcye sorumludur.<br>b) \u00dcye, kendisine verilen kullan\u0131c\u0131 ad\u0131 ve \u015fifrenin gizlili\u011finden ve g\u00fcvenli\u011finden birinci derecede sorumludur. \u015eifrenin \u00fc\u00e7\u00fcnc\u00fc ki\u015filerce ele ge\u00e7irilmesi, hesab\u0131n yetkisiz kullan\u0131m\u0131 veya g\u00fcvenlik ihlali \u015f\u00fcphesi durumunda derhal \u0130\u015fletme&#8217;ye bildirimde bulunmal\u0131d\u0131r. Hesap g\u00fcvenli\u011finin ihlalinden do\u011fan zararlardan \u0130\u015fletme sorumlu tutulamaz.<br>c) \u00dcye, Site&#8217;yi yaln\u0131zca yasalara, i\u015fbu S\u00f6zle\u015fme h\u00fck\u00fcmlerine, genel ahlak ve adaba uygun ama\u00e7larla kullanaca\u011f\u0131n\u0131, \u00fc\u00e7\u00fcnc\u00fc ki\u015filerin haklar\u0131na (fikri m\u00fclkiyet, ki\u015filik haklar\u0131, gizlilik hakk\u0131 vb.) tecav\u00fcz etmeyece\u011fini kabul eder.<br>d) \u00dcye, Site \u00fczerinde hukuka ayk\u0131r\u0131, zararl\u0131, tehdit edici, taciz edici, k\u00fcf\u00fcrl\u00fc, pornografik, \u0131rk\u00e7\u0131, yan\u0131lt\u0131c\u0131, aldat\u0131c\u0131 i\u00e7erikler olu\u015fturmayaca\u011f\u0131n\u0131, yay\u0131nlamayaca\u011f\u0131n\u0131, vir\u00fcs veya di\u011fer zararl\u0131 yaz\u0131l\u0131mlar\u0131 bula\u015ft\u0131rmayaca\u011f\u0131n\u0131, Site&#8217;nin i\u015fleyi\u015fine veya g\u00fcvenli\u011fine m\u00fcdahale etmeyece\u011fini, tersine m\u00fchendislik yapmayaca\u011f\u0131n\u0131 kabul eder.<br>e) \u00dcye, Site&#8217;de yapt\u0131\u011f\u0131 t\u00fcm i\u015flemlerden ve payla\u015ft\u0131\u011f\u0131 i\u00e7eriklerden (\u00fcr\u00fcn yorumu, mesaj vb.) m\u00fcnhas\u0131ran sorumludur. \u00dcyenin eylemleri nedeniyle \u00fc\u00e7\u00fcnc\u00fc ki\u015filerin veya \u0130\u015fletme&#8217;nin u\u011frayaca\u011f\u0131 zararlardan \u00dcye, \u0130\u015fletme&#8217;yi ve ilgili \u00fc\u00e7\u00fcnc\u00fc ki\u015fileri tazmin etmekle y\u00fck\u00fcml\u00fcd\u00fcr.<br>f) \u00dcye, \u0130\u015fletme&#8217;nin \u00f6nceden yaz\u0131l\u0131 izni olmaks\u0131z\u0131n i\u015fbu S\u00f6zle\u015fme&#8217;yi veya S\u00f6zle\u015fme kapsam\u0131ndaki hak ve y\u00fck\u00fcml\u00fcl\u00fcklerini k\u0131smen veya tamamen \u00fc\u00e7\u00fcnc\u00fc ki\u015filere devredemez.<\/p>\n\n\n\n<p><strong>4.2. \u0130\u015fletme&#8217;nin Hak ve Y\u00fck\u00fcml\u00fcl\u00fckleri:<\/strong><br>a) \u0130\u015fletme, Site&#8217;nin ve sunulan hizmetlerin s\u00fcreklili\u011fini ve g\u00fcvenli\u011fini sa\u011flamak i\u00e7in teknik ve idari olarak azami \u00f6zeni g\u00f6sterecektir. Ancak, teknik ar\u0131zalar, bak\u0131m \u00e7al\u0131\u015fmalar\u0131, m\u00fccbir sebepler veya \u0130\u015fletme&#8217;nin kontrol\u00fc d\u0131\u015f\u0131ndaki nedenlerle (internet servis sa\u011flay\u0131c\u0131 kesintileri vb.) hizmetlerde ge\u00e7ici kesinti veya aksama olabilece\u011fini \u00dcye kabul eder.<br>b) \u0130\u015fletme, Site&#8217;de sunulan hizmetleri, i\u00e7eri\u011fi, tasar\u0131m\u0131, \u00fcyelik ko\u015fullar\u0131n\u0131 ve i\u015fbu S\u00f6zle\u015fme h\u00fck\u00fcmlerini diledi\u011fi zaman, \u00f6nceden bildirimde bulunmaks\u0131z\u0131n tek tarafl\u0131 olarak de\u011fi\u015ftirme, g\u00fcncelleme veya sonland\u0131rma hakk\u0131n\u0131 sakl\u0131 tutar. De\u011fi\u015fiklikler Site&#8217;de yay\u0131nland\u0131\u011f\u0131 tarihte y\u00fcr\u00fcrl\u00fc\u011fe girer.<br>c) \u0130\u015fletme, \u00dcye&#8217;nin i\u015fbu S\u00f6zle\u015fme h\u00fck\u00fcmlerine veya yasalara ayk\u0131r\u0131 davrand\u0131\u011f\u0131n\u0131, genel ahlak ve adaba ayk\u0131r\u0131 eylemlerde bulundu\u011funu tespit etmesi halinde, herhangi bir bildirimde bulunmaks\u0131z\u0131n ve gerek\u00e7e g\u00f6stermeksizin \u00dcye&#8217;nin \u00fcyeli\u011fini ask\u0131ya alma veya sona erdirme hakk\u0131na sahiptir.<br>d) \u0130\u015fletme, Site&#8217;nin g\u00fcvenli\u011fini sa\u011flamak, su\u00e7u \u00f6nlemek, yasal y\u00fck\u00fcml\u00fcl\u00fcklerini yerine getirmek ve hizmet kalitesini art\u0131rmak amac\u0131yla \u00dcye&#8217;nin Site \u00fczerindeki genel faaliyetlerini (giri\u015f saatleri, genel kullan\u0131m al\u0131\u015fkanl\u0131klar\u0131) anonim ve toplu halde izleyebilir ve kay\u0131t alt\u0131na alabilir. Ki\u015fisel verilerin i\u015flenmesi tamamen Site&#8217;nin Gizlilik Politikas\u0131 ve KVKK Ayd\u0131nlatma Metni&#8217;ne tabidir.<br>e) \u0130\u015fletme, yasal mercilerden usul\u00fcne uygun olarak gelen yaz\u0131l\u0131 talepler do\u011frultusunda \u00dcye bilgilerini ilgili mercilerle payla\u015fmakla y\u00fck\u00fcml\u00fcd\u00fcr.<\/p>\n\n\n\n<p><strong>5. F\u0130KR\u0130 M\u00dcLK\u0130YET HAKLARI<\/strong><\/p>\n\n\n\n<p>Site&#8217;de yer alan her t\u00fcrl\u00fc i\u00e7erik (metin, grafik, logo, resim, ses, video, yaz\u0131l\u0131m, kod, veri taban\u0131 vb.), tasar\u0131m, &#8220;FOR COFFEE&#8221; markas\u0131 ve di\u011fer t\u00fcm fikri ve s\u0131nai m\u00fclkiyet haklar\u0131 \u0130\u015fletme&#8217;ye ve\/veya ilgili lisans veren hak sahiplerine aittir ve 5846 say\u0131l\u0131 Fikir ve Sanat Eserleri Kanunu ile 6769 say\u0131l\u0131 S\u0131nai M\u00fclkiyet Kanunu dahil ulusal ve uluslararas\u0131 hukuk taraf\u0131ndan korunmaktad\u0131r. \u00dcye, Site&#8217;yi kullanmakla bu haklar \u00fczerinde herhangi bir hak, m\u00fclkiyet veya menfaat iddias\u0131nda bulunamaz. Site i\u00e7eri\u011fi, \u0130\u015fletme&#8217;nin \u00f6nceden yaz\u0131l\u0131 a\u00e7\u0131k izni olmaks\u0131z\u0131n; kopyalanamaz, \u00e7o\u011falt\u0131lamaz, de\u011fi\u015ftirilemez, yay\u0131nlanamaz, sat\u0131lamaz, da\u011f\u0131t\u0131lamaz, sergilenemez, ba\u015fka bir web sitesinde kullan\u0131lamaz veya t\u00fcrev \u00e7al\u0131\u015fmalar olu\u015fturulamaz. Aksi davran\u0131\u015flar hukuki ve cezai sorumluluk do\u011furur.<\/p>\n\n\n\n<p><strong>6. SORUMLULU\u011eUN SINIRLANDIRILMASI<\/strong><\/p>\n\n\n\n<p>6.1. \u0130\u015fletme, Site&#8217;nin kesintisiz, hatas\u0131z, g\u00fcvenli veya vir\u00fcslerden ar\u0131nm\u0131\u015f olarak \u00e7al\u0131\u015faca\u011f\u0131n\u0131 garanti etmez. Site ve hizmetler &#8220;oldu\u011fu gibi&#8221; sunulmaktad\u0131r.<br>6.2. \u0130\u015fletme, Site&#8217;nin kullan\u0131m\u0131ndan veya kullan\u0131lamamas\u0131ndan kaynaklanan do\u011frudan, dolayl\u0131, ar\u0131zi, \u00f6zel veya sonu\u00e7sal hi\u00e7bir zarardan (gelir\/kar kayb\u0131, veri kayb\u0131, i\u015f kesintisi, itibar kayb\u0131 vb.) sorumlu tutulamaz.<br>6.3. \u0130\u015fletme, Site&#8217;de yer alan bilgilerin (\u00fcr\u00fcn a\u00e7\u0131klamalar\u0131, fiyatlar, stok durumu) do\u011frulu\u011fu ve g\u00fcncelli\u011fi i\u00e7in makul \u00e7aba g\u00f6stermekle birlikte, bu konuda a\u00e7\u0131k veya z\u0131mni bir garanti vermez. \u00dcr\u00fcn fiyatlar\u0131 ve stok durumu \u00f6nceden haber verilmeksizin de\u011fi\u015ftirilebilir.<br>6.4. \u0130\u015fletme, Site \u00fczerinden ba\u011flant\u0131 (link) verilen \u00fc\u00e7\u00fcnc\u00fc taraf web sitelerinin i\u00e7eriklerinden, do\u011frulu\u011fundan, g\u00fcvenli\u011finden veya gizlilik politikalar\u0131ndan sorumlu de\u011fildir.<br>6.5. \u00dcye&#8217;nin i\u015fbu S\u00f6zle\u015fme&#8217;yi ihlali nedeniyle \u0130\u015fletme&#8217;nin veya \u00fc\u00e7\u00fcnc\u00fc ki\u015filerin u\u011frayaca\u011f\u0131 her t\u00fcrl\u00fc zarar ve ziyandan (makul mahkeme masraflar\u0131, avukatl\u0131k \u00fccretleri dahil) \u00dcye sorumludur.<\/p>\n\n\n\n<p><strong>7. G\u0130ZL\u0130L\u0130K VE K\u0130\u015e\u0130SEL VER\u0130LER\u0130N KORUNMASI<\/strong><\/p>\n\n\n\n<p>\u00dcye&#8217;nin Site&#8217;ye \u00fcye olurken ve Site&#8217;yi kullan\u0131rken payla\u015ft\u0131\u011f\u0131 ki\u015fisel veriler, 6698 say\u0131l\u0131 Ki\u015fisel Verilerin Korunmas\u0131 Kanunu ve ilgili mevzuat ile Site&#8217;de yay\u0131nlanan &#8220;Gizlilik ve Ki\u015fisel Verilerin Korunmas\u0131 Politikas\u0131 (KVKK Ayd\u0131nlatma Metni)&#8221; kapsam\u0131nda i\u015flenir. \u00dcye, Site&#8217;ye \u00fcye olarak ve hizmetleri kullanarak bu politikay\u0131 okudu\u011funu, anlad\u0131\u011f\u0131n\u0131 ve ki\u015fisel verilerinin bu \u00e7er\u00e7evede i\u015flenmesini kabul etti\u011fini beyan eder.<\/p>\n\n\n\n<p><strong>8. S\u00d6ZLE\u015eMEN\u0130N DE\u011e\u0130\u015eT\u0130R\u0130LMES\u0130<\/strong><\/p>\n\n\n\n<p>\u0130\u015fletme, i\u015fbu S\u00f6zle\u015fme h\u00fck\u00fcmlerini diledi\u011fi zaman Site \u00fczerinden yay\u0131nlamak suretiyle tek tarafl\u0131 olarak de\u011fi\u015ftirebilir. De\u011fi\u015ftirilen h\u00fck\u00fcmler, Site&#8217;de yay\u0131nland\u0131\u011f\u0131 tarihte y\u00fcr\u00fcrl\u00fc\u011fe girer. \u00dcye, de\u011fi\u015fiklikleri d\u00fczenli olarak takip etmekle y\u00fck\u00fcml\u00fcd\u00fcr. Site&#8217;yi kullanmaya veya \u00fcyeli\u011fini s\u00fcrd\u00fcrmeye devam etmesi, de\u011fi\u015fiklikleri kabul etti\u011fi anlam\u0131na gelir.<\/p>\n\n\n\n<p><strong>9. S\u00d6ZLE\u015eMEN\u0130N SONA ERMES\u0130<\/strong><\/p>\n\n\n\n<p>9.1. \u0130\u015fbu S\u00f6zle\u015fme, \u00dcye&#8217;nin \u00fcyeli\u011fi devam etti\u011fi s\u00fcrece y\u00fcr\u00fcrl\u00fckte kal\u0131r.<br>9.2. \u00dcye, diledi\u011fi zaman \u00fcyelik hesab\u0131 paneli \u00fczerinden veya \u0130\u015fletme&#8217;ye yaz\u0131l\u0131 ba\u015fvuruda bulunarak \u00fcyeli\u011fini sona erdirebilir. \u00dcyeli\u011fin sona ermesi, \u00dcye&#8217;nin S\u00f6zle\u015fme sona ermeden \u00f6nceki eylemlerinden do\u011fan sorumluluklar\u0131n\u0131 ortadan kald\u0131rmaz.<br>9.3. \u0130\u015fletme, a\u015fa\u011f\u0131daki hallerde \u00dcye&#8217;ye herhangi bir bildirimde bulunmaks\u0131z\u0131n ve her t\u00fcrl\u00fc hukuki yola ba\u015fvurma hakk\u0131n\u0131 sakl\u0131 tutarak \u00fcyeli\u011fi sona erdirebilir:<br>a) \u00dcye&#8217;nin i\u015fbu S\u00f6zle\u015fme h\u00fck\u00fcmlerini ihlal etmesi,<br>b) \u00dcye&#8217;ye ait bilgilerin yanl\u0131\u015f, eksik veya g\u00fcncel olmamas\u0131,<br>c) Y\u00fcr\u00fcrl\u00fckteki mevzuata ayk\u0131r\u0131 bir eylemde bulunulmas\u0131,<br>d) \u0130\u015fletme&#8217;nin hakl\u0131 bir sebeple \u00fcyeli\u011fin devam\u0131n\u0131n uygun g\u00f6r\u00fclmemesi.<\/p>\n\n\n\n<p><strong>10. M\u00dcCB\u0130R SEBEPLER<\/strong><\/p>\n\n\n\n<p>Taraflar&#8217;\u0131n kontrol\u00fc d\u0131\u015f\u0131nda geli\u015fen ve S\u00f6zle\u015fme&#8217;den do\u011fan y\u00fck\u00fcml\u00fcl\u00fcklerini zaman\u0131nda veya tamamen yerine getirmelerini ge\u00e7ici veya kal\u0131c\u0131 olarak engelleyen veya geciktiren; do\u011fal afetler, sava\u015f, ter\u00f6r eylemleri, isyan, yang\u0131n, sel, elektronik ileti\u015fim altyap\u0131s\u0131 ar\u0131zalar\u0131, genel internet kesintileri, siber sald\u0131r\u0131lar, devletin ola\u011fan\u00fcst\u00fc hal ilan etmesi, mevzuat de\u011fi\u015fiklikleri, salg\u0131n hastal\u0131klar gibi olaylar m\u00fccbir sebep say\u0131l\u0131r. M\u00fccbir sebep s\u00fcresince Taraflar&#8217;\u0131n edimleri ask\u0131ya al\u0131n\u0131r. M\u00fccbir sebebin 30 (otuz) g\u00fcnden fazla s\u00fcrmesi halinde Taraflar S\u00f6zle\u015fme&#8217;yi feshedebilir.<\/p>\n\n\n\n<p><strong>11. TEBL\u0130GAT<\/strong><\/p>\n\n\n\n<p>Taraflar, \u00fcyelik s\u0131ras\u0131nda bildirilen ve \u00fcyelik panelinde kay\u0131tl\u0131 olan e-posta adreslerinin ve posta adreslerinin birbirlerine kar\u015f\u0131 yasal ve i\u015fbu S\u00f6zle\u015fme&#8217;ye ili\u015fkin tebligat adresleri oldu\u011funu kabul ederler. Adres de\u011fi\u015fiklikleri di\u011fer tarafa yaz\u0131l\u0131 olarak (e-posta dahil) bildirilmedik\u00e7e, bu adreslere yap\u0131lan tebligatlar ge\u00e7erli say\u0131lacakt\u0131r.<\/p>\n\n\n\n<p><strong>12. UYGULANACAK HUKUK VE YETK\u0130L\u0130 MAHKEME<\/strong><\/p>\n\n\n\n<p>\u0130\u015fbu S\u00f6zle\u015fme&#8217;nin yorumlanmas\u0131nda, uygulanmas\u0131nda ve S\u00f6zle\u015fme&#8217;den do\u011fan her t\u00fcrl\u00fc uyu\u015fmazl\u0131\u011f\u0131n \u00e7\u00f6z\u00fcm\u00fcnde T\u00fcrk Hukuku uygulan\u0131r. Uyu\u015fmazl\u0131k halinde, t\u00fcketici niteli\u011findeki \u00dcyeler i\u00e7in T\u00fcketici Hakem Heyetleri ve T\u00fcketici Mahkemeleri yetkilidir. T\u00fcketici niteli\u011finde olmayan \u00dcyeler i\u00e7in anla\u015fmazl\u0131klar\u0131n \u00e7\u00f6z\u00fcm mercii \u0130stanbul Anadolu Mahkemeleri ve \u0130cra Daireleri&#8217;dir.<\/p>\n\n\n\n<p><strong>13. Y\u00dcR\u00dcRL\u00dcK<\/strong><\/p>\n\n\n\n<p>\u0130\u015fbu S\u00f6zle\u015fme, \u00dcye&#8217;nin Site&#8217;ye \u00fcye olurken gerekli onay kutular\u0131n\u0131 i\u015faretleyerek elektronik ortamda onay vermesi ile birlikte y\u00fcr\u00fcrl\u00fc\u011fe girer. S\u00f6zle\u015fme, \u00dcye&#8217;nin \u00fcyelik bilgilerinin Site veritaban\u0131nda kay\u0131tl\u0131 olmas\u0131 \u015fart\u0131yla, elektronik ortamda saklanacak ve talep halinde yeniden g\u00f6sterilebilecektir.<\/p>\n\n\n\n<hr class=\"wp-block-separator has-alpha-channel-opacity\"\/>\n\n\n\n<p><strong>\u0130\u015eLETME:<\/strong>&nbsp;Se\u00e7kin YAL\u00c7IN (FOR COFFEE Ticari Unvan\u0131yla)<br><strong>\u00dcYE:<\/strong>&nbsp;[\u00dcye Ad\u0131 Soyad\u0131 \/ Unvan\u0131 &#8211; Elektronik Onay ile ge\u00e7erli k\u0131l\u0131n\u0131r]<br><strong>ONAY TAR\u0130H\u0130:<\/strong>&nbsp;[\u00dcyenin elektronik onay verdi\u011fi sistem tarihi]r.<\/p>\n","protected":false},"excerpt":{"rendered":"<p>Bu Kullan\u0131c\u0131 (\u00dcyelik) S\u00f6zle\u015fmesi, For Coffee web sitesine \u00fcye olan kullan\u0131c\u0131lar\u0131n \u00fcyelik ko\u015fullar\u0131n\u0131, hak ve y\u00fck\u00fcml\u00fcl\u00fcklerini, site kullan\u0131m esaslar\u0131n\u0131, gizlilik [&hellip;]<\/p>\n","protected":false},"author":1,"featured_media":0,"parent":0,"menu_order":0,"comment_status":"closed","ping_status":"closed","template":"","meta":{"_monsterinsights_skip_tracking":false,"_monsterinsights_sitenote_active":false,"_monsterinsights_sitenote_note":"","_monsterinsights_sitenote_category":0,"site-sidebar-layout":"default","site-content-layout":"","ast-site-content-layout":"default","site-content-style":"default","site-sidebar-style":"default","ast-global-header-display":"","ast-banner-title-visibility":"","ast-main-header-display":"","ast-hfb-above-header-display":"","ast-hfb-below-header-display":"","ast-hfb-mobile-header-display":"","site-post-title":"","ast-breadcrumbs-content":"","ast-featured-img":"","footer-sml-layout":"","ast-disable-related-posts":"","theme-transparent-header-meta":"","adv-header-id-meta":"","stick-header-meta":"","header-above-stick-meta":"","header-main-stick-meta":"","header-below-stick-meta":"","astra-migrate-meta-layouts":"default","ast-page-background-enabled":"default","ast-page-background-meta":{"desktop":{"background-color":"var(--ast-global-color-5)","background-image":"","background-repeat":"repeat","background-position":"center center","background-size":"auto","background-attachment":"scroll","background-type":"","background-media":"","overlay-type":"","overlay-color":"","overlay-opacity":"","overlay-gradient":""},"tablet":{"background-color":"","background-image":"","background-repeat":"repeat","background-position":"center center","background-size":"auto","background-attachment":"scroll","background-type":"","background-media":"","overlay-type":"","overlay-color":"","overlay-opacity":"","overlay-gradient":""},"mobile":{"background-color":"","background-image":"","background-repeat":"repeat","background-position":"center center","background-size":"auto","background-attachment":"scroll","background-type":"","background-media":"","overlay-type":"","overlay-color":"","overlay-opacity":"","overlay-gradient":""}},"ast-content-background-meta":{"desktop":{"background-color":"var(--ast-global-color-4)","background-image":"","background-repeat":"repeat","background-position":"center center","background-size":"auto","background-attachment":"scroll","background-type":"","background-media":"","overlay-type":"","overlay-color":"","overlay-opacity":"","overlay-gradient":""},"tablet":{"background-color":"var(--ast-global-color-4)","background-image":"","background-repeat":"repeat","background-position":"center center","background-size":"auto","background-attachment":"scroll","background-type":"","background-media":"","overlay-type":"","overlay-color":"","overlay-opacity":"","overlay-gradient":""},"mobile":{"background-color":"var(--ast-global-color-4)","background-image":"","background-repeat":"repeat","background-position":"center center","background-size":"auto","background-attachment":"scroll","background-type":"","background-media":"","overlay-type":"","overlay-color":"","overlay-opacity":"","overlay-gradient":""}},"footnotes":""},"class_list":["post-419","page","type-page","status-publish","hentry"],"aioseo_notices":[],"_links":{"self":[{"href":"https:\/\/www.forcoffeetr.com\/magaza\/wp-json\/wp\/v2\/pages\/419","targetHints":{"allow":["GET"]}}],"collection":[{"href":"https:\/\/www.forcoffeetr.com\/magaza\/wp-json\/wp\/v2\/pages"}],"about":[{"href":"https:\/\/www.forcoffeetr.com\/magaza\/wp-json\/wp\/v2\/types\/page"}],"author":[{"embeddable":true,"href":"https:\/\/www.forcoffeetr.com\/magaza\/wp-json\/wp\/v2\/users\/1"}],"replies":[{"embeddable":true,"href":"https:\/\/www.forcoffeetr.com\/magaza\/wp-json\/wp\/v2\/comments?post=419"}],"version-history":[{"count":0,"href":"https:\/\/www.forcoffeetr.com\/magaza\/wp-json\/wp\/v2\/pages\/419\/revisions"}],"wp:attachment":[{"href":"https:\/\/www.forcoffeetr.com\/magaza\/wp-json\/wp\/v2\/media?parent=419"}],"curies":[{"name":"wp","href":"https:\/\/api.w.org\/{rel}","templated":true}]}}